-9)?
11, 17
Suppose -4*x + 18 = -3*x. Let r = x - 6. Suppose 13 = 5*g - r. What are the prime factors of g?
5
Let i be (3 - 0)*(-10)/(-6). Suppose d - 2*d + p = -6, 0 = 4*d - i*p - 29. Let z(n) = 8*n**3 - 2*n**2 + n. List the prime factors of z(d).
7
Suppose 0 = -4*j + 5*g + 3, -6*j + 4*g = -j + 3. What are the prime factors of (14/j)/(16/(-24))?
7
Suppose 0 = 2*c + 5*i + 46, -c - 2*c - 3*i - 78 = 0. List the prime factors of (30/8)/(-5)*c.
3, 7
Let k(q) = -q**2 + 7*q + 7. Let y be k(8). Suppose t - 1 = 2. Let z = y + t. List the prime factors of z.
2
Suppose -111 - 14 = -3*s + v, s + 5*v - 47 = 0. What are the prime factors of s?
2, 3, 7
Let o(j) = -4*j**3 - j + j**3 - 4*j**3 - 2*j**2 + 0*j**2. Suppose -k - 3*q = -1 + 2, 0 = -5*q. What are the prime factors of o(k)?
2, 3
Suppose -m + 2*m = 0. Let g be (m - -1)*(-5 + 2). Let f = g + 5. What are the prime factors of f?
2
Suppose -3*s = -26 - 22. What are the prime factors of s?
2
Suppose -5*k - 436 = 79. Let v = -67 - k. List the prime factors of v.
2, 3
Suppose -c - 4*c + 20 = 0. Suppose -b + 160 = c*b + d, -25 = -5*d. List the prime factors of b.
31
Suppose 674 = 8*o - 942. What are the prime factors of o?
2, 101
Suppose 84 = m + m. Let v = m - 26. List the prime factors of v.
2
Suppose -14*c = -16*c + 134. List the prime factors of c.
67
List the prime factors of (-2)/(-8) - (-645)/12.
2, 3
Let q(l) be the first derivative of -l**2/2 - 2*l - 1. List the prime factors of q(-6).
2
Let c(w) = -34*w - 2. List the prime factors of c(-6).
2, 101
Suppose -4*j - 100 = -4*a, 4*j = a + j - 23. What are the prime factors of a?
2, 13
Let o = 13 + -38. What are the prime factors of 6*1/(-2) - o?
2, 11
Suppose 2*l + 5*k - 12 = 0, -2*l - l + 11 = 4*k. Let v(t) = 13*t**2 + t. List the prime factors of v(l).
2, 7
Let b be (1 + -3)/(-1)*1. Let m(u) = 12*u**2 + 2*u. Let i be m(-1). Suppose 7*n - i = b*n. List the prime factors of n.
2
Let v be (3/(-9))/(-1)*6. Suppose 0*a + v*a = -32. Let z = a - -27. What are the prime factors of z?
11
Let p be 0*3*(-2)/(-18). Suppose p = -7*h + 2*h + 3*u + 128, 2*h - 3*u - 53 = 0. List the prime factors of h.
5
Let w be 0 + 2 + (2 - -2). Suppose 4*m + 1 = -3*a, a = 5*m - 0 + 6. Let j = w + m. What are the prime factors of j?
5
What are the prime factors of (-13)/((-26)/140) - 4?
2, 3, 11
Let m(d) = 1 - 10 - d**2 + 7*d + 1. Let i be m(6). What are the prime factors of 25/15 - i/6?
2
Let a be (-12)/4 - (2 + -13). List the prime factors of (5/5)/(1/a).
2
Let u(x) = 2*x**3 - 20*x**2 - 24*x - 20. Let b(z) = -z**3 + 10*z**2 + 12*z + 10. Let p(i) = 5*b(i) + 2*u(i). List the prime factors of p(11).
3, 7
Let a = 3 - 0. Suppose -g - 2*q = 12, -a*g + q - 13 = -5. Let j(n) = -n + 1. What are the prime factors of j(g)?
5
Let u be (-6)/(18/(-4) + 3). Suppose -2 + u = g. List the prime factors of g.
2
Suppose -c - 2*n = -13, 1 = c - 2*n - 2*n. Suppose -c = -5*m + 31. List the prime factors of m/(-10)*(-15)/2.
2, 3
Let j(y) = -14*y + 18. Let f(v) = 5*v - 6. Let h = -1 + 5. Let b(c) = h*j(c) + 11*f(c). List the prime factors of b(0).
2, 3
Suppose -5*o + 17 = 52. Let l = o - -23. List the prime factors of l.
2
Let q(x) = 4*x**2 + 3*x - 4. Let y be q(-3). Suppose -3*m + y = -43. List the prime factors of m.
2, 11
Suppose -220 = -4*l + 4*v, 6 = 5*v - 14. List the prime factors of l.
59
Suppose 0 = -4*h - 3*j + 93, -4*j = -h - 0*j + 9. List the prime factors of h.
3, 7
Let r be (3/6)/(3/(-6)). Let m be 4 + r - 4/1. List the prime factors of 22 + m + 1 + -3.
19
Suppose 5*d - 132 = 93. What are the prime factors of d?
3, 5
Let d be (1 + -2)*-123 - -3. Suppose -4*p + 2*p - u = -40, -5*p + 4*u = -d. What are the prime factors of p?
2, 11
Suppose -2*m + 4*m - 76 = 0. List the prime factors of m.
2, 19
Suppose -3*c = -a - 10, 8 = 3*c - c - a. Suppose 5*v - 120 = 4*j + 49, c*j = 2*v - 66. List the prime factors of v.
37
Let s be (-284)/(-14) + 2/(-7). What are the prime factors of 1/(-2 - (-42)/s)?
2, 5
Let j be (10 + 1 + -2)*1. Let h(g) = g - 5. Let m be h(j). Suppose w - 60 = -m*w. List the prime factors of w.
2, 3
Suppose -3*j - 3*y - 2*y + 23 = 0, 0 = -4*j - 5*y + 29. Suppose 9*n + 5*h - 45 = 4*n, 0 = n - 2*h - 18. Suppose -z = -j - n. List the prime factors of z.
2, 3
Suppose -12 = 3*a, 4*a = -u - u + 110. What are the prime factors of u?
3, 7
Suppose 2*f - 478 = 6*g - 8*g, -f = -5*g + 1195. What are the prime factors of g?
239
Let a(t) = t + 7. Let b be a(-9). List the prime factors of 1/(b - 132/(-64)).
2
Let p(x) = -x + 2. Let f be p(-5). Let z(u) = u - 2. List the prime factors of z(f).
5
What are the prime factors of 71 + 4/(-1 - -3)?
73
Suppose -3*t - t + 2*c + 158 = 0, t - 56 = -5*c. List the prime factors of t.
41
Let g = -89 - -227. What are the prime factors of g?
2, 3, 23
Suppose -n + 4*c - 7 = 0, 5*n + 2*c + 190 = 67. Let y = -14 - n. What are the prime factors of y?
3
Let x = 75 + -7. Suppose -5*d - 2*p + x = 0, -5*p - 13 = -d + 6. What are the prime factors of d?
2, 7
Suppose 1 + 0 = 2*k + p, -2*k - 8 = 4*p. Suppose -3*i = 4*s - 5*i, 0 = -5*s - 4*i. Let j = k + s. List the prime factors of j.
2
Suppose 32 + 8 = z. Suppose 5*a = a + z. Suppose -3*h = 5*d - 55 - 16, -5*h = -a. List the prime factors of d.
13
Let r(c) be the third derivative of -c**4/24 + c**3/6 + c**2. Let s be (-14)/4 - 2/(-4). What are the prime factors of r(s)?
2
Let y = 61 - 43. List the prime factors of y.
2, 3
Let m = -15 + -2. Let c = 35 + m. Let w = -8 + c. List the prime factors of w.
2, 5
Let w be (3/(-3))/1 + 1. Suppose 0*t + t = 0. Suppose w = -t*x + 4*x - 20. What are the prime factors of x?
5
Suppose -4*o + 1701 = -3*t, 3*t = 3*o + 5*t - 1263. What are the prime factors of o?
3, 47
Suppose -7*s = -2*s - 195. What are the prime factors of s?
3, 13
Suppose 0 = n - k - 63, -3*n - 2*k - 2*k = -175. What are the prime factors of n?
61
Let y = -4 - -5. What are the prime factors of 1*(2/y + 26)?
2, 7
Let t = 128 + -5. List the prime factors of t.
3, 41
Suppose 0*f = 3*f - 51. Suppose 3*k - f = 1. What are the prime factors of k?
2, 3
Let u(r) = -3*r - 3. Let a be u(-5). What are the prime factors of ((-54)/a)/(1/(-10))?
3, 5
Let b(s) = 17*s - 21. What are the prime factors of b(6)?
3
Let b be 8/14*7/2. Suppose -b*u + 16 = -0*u. List the prime factors of u.
2
Let c = -103 + 151. What are the prime factors of c?
2, 3
Let j(w) = -w**3 + 5*w**2 + 6*w. Let o(u) = -u**3 + 6*u**2 + 7*u. Let i(b) = 7*j(b) - 6*o(b). Let l be i(0). List the prime factors of l/1 + 11/1.
11
Let r be (-6 + 7)*(9 + 0). Let n(k) = -k**2 + 10*k - 1. List the prime factors of n(r).
2
Let z be (-30)/35*-11*7. Let a(f) = f**3 + 3*f**2 - 5*f. Let j be a(-4). Suppose -b = 5*c - 2*b - 78, j*c - z = 2*b. List the prime factors of c.
3, 5
Let l(b) be the second derivative of b**3/3 - 5*b**2 - 6*b. What are the prime factors of l(7)?
2
Suppose 5*y = -2*x - 2*x + 130, -5*x + 5*y = -140. List the prime factors of x.
2, 3, 5
Let h(t) = -37*t + 13. Let q(l) = -18*l + 7. Let b(y) = -6*h(y) + 11*q(y). What are the prime factors of b(1)?
23
Let j(p) be the first derivative of p**2/2 - 8*p - 2. What are the prime factors of j(10)?
2
Suppose 0 = -5*l - 5*y + 75, 0 = -5*l + l - 3*y + 65. List the prime factors of l.
2, 5
What are the prime factors of (2 - 4)/((-2)/236)?
2, 59
Let m be (-16)/(-12)*(-1 - -4). Suppose -2*l - m = -10. Suppose l*x - x - 38 = 0. What are the prime factors of x?
19
Let b(g) = 5*g + 2. Let d(r) = -4*r - 1. Let z(s) = -6*b(s) - 7*d(s). List the prime factors of z(-10).
3, 5
Let g(j) be the third derivative of -j**4/6 - j**3/3 - 2*j**2. List the prime factors of g(-4).
2, 7
Let u(y) = y + 16. Let z be u(-13). Suppose -z*k + 45 = -0*k. List the prime factors of k.
3, 5
Let g = 3 + -4. Let q = 0 + g. What are the prime factors of (-1 - -2 - q) + 10?
2, 3
Let g(c) = -c - 8. Let a be g(-7). Suppose -4*t = -3*t - 2. What are the prime factors of (-2 + t + -4)/a?
2
Let d = -4 - -7. Suppose k = -d*k + 84. Suppose -77 = -5*j + w, j - k = 2*w + w. What are the prime factors of j?
3, 5
Let u(r) = r**2 + r - 2. Let w(f) = 1. Let d(j) = u(j) + 2*w(j). Let b be 4/(0 - -2 - 0). What are the prime factors of d(b)?
2, 3
Let m = 8 + -1. Let k = -5 + m. Suppose -2*i - k*t = -5*i + 40, 2*i - 32 = -4*t. List the prime factors of i.
2, 7
Let b = 41 - 13.